4?
False
Is 268 a multiple of 67?
True
Does 49 divide 3755?
False
Is 114 a multiple of 36?
False
Does 26 divide 2964?
True
Does 18 divide 62247?
False
Is 3128 a multiple of 17?
True
Does 21 divide 14734?
False
Does 3 divide 3186?
True
Is 1232 a multiple of 77?
True
Does 45 divide 27613?
False
Is 18 a factor of 79778?
False
Does 33 divide 38894?
False
Does 145 divide 12760?
True
Is 12 a factor of 455?
False
Is 253 a multiple of 2?
False
Is 40 a multiple of 4?
True
Is 30 a factor of 11216?
False
Is 76935 a multiple of 44?
False
Is 11 a factor of 3281?
False
Is 13 a factor of 9988?
False
Does 2 divide 177?
False
Is 10 a factor of 69?
False
Does 9 divide 4864?
False
Is 25 a factor of 6504?
False
Does 15 divide 1635?
True
Is 5 a factor of 1454?
False
Is 5572 a multiple of 25?
False
Is 15728 a multiple of 8?
True
Does 51 divide 94911?
True
Does 258 divide 42570?
True
Does 13 divide 15524?
False
Is 2806 a multiple of 61?
True
Is 13 a factor of 1750?
False
Is 44 a factor of 3150?
False
Does 12 divide 336?
True
Is 41 a factor of 3359?
False
Is 18546 a multiple of 22?
True
Does 7 divide 76?
False
Does 8 divide 1351?
False
Is 1052 a multiple of 7?
False
Is 16 a factor of 29?
False
Does 14 divide 2786?
True
Does 14 divide 1167?
False
Is 247 a multiple of 3?
False
Is 11 a factor of 1606?
True
Is 7 a factor of 87?
False
Does 26 divide 1512?
False
Does 3 divide 162?
True
Is 2344 a multiple of 26?
False
Does 42 divide 168?
True
Is 3 a factor of 1275?
True
Does 78 divide 23153?
False
Is 40 a factor of 2120?
True
Does 34 divide 3347?
False
Does 8 divide 7432?
True
Is 49152 a multiple of 13?
False
Is 7 a factor of 15267?
True
Does 19 divide 1786?
True
Is 86655 a multiple of 15?
True
Is 3483 a multiple of 43?
True
Is 2319 a multiple of 99?
False
Is 248 a multiple of 8?
True
Is 8646 a multiple of 22?
True
Is 105 a factor of 1365?
True
Is 92 a factor of 6102?
False
Is 4620 a multiple of 22?
True
Is 5 a factor of 604?
False
Is 133 a factor of 34052?
False
Is 5832 a multiple of 169?
False
Does 32 divide 7936?
True
Is 5 a factor of 991?
False
Is 21 a factor of 1764?
True
Does 36 divide 15984?
True
Does 19 divide 20468?
False
Is 1373 a multiple of 4?
False
Does 68 divide 11946?
False
Is 2096 a multiple of 51?
False
Is 74715 a multiple of 99?
False
Is 74 a factor of 6068?
True
Is 9 a factor of 9801?
True
Is 285 a multiple of 19?
True
Is 18 a factor of 4761?
False
Does 25 divide 950?
True
Does 284 divide 27728?
False
Does 7 divide 994?
True
Does 4 divide 10201?
False
Is 92 a factor of 30715?
False
Is 15 a factor of 1411?
False
Does 92 divide 1380?
True
Does 10 divide 7480?
True
Is 210 a factor of 18900?
True
Is 19834 a multiple of 101?
False
Is 13 a factor of 15873?
True
Is 840 a multiple of 36?
False
Does 13 divide 793?
True
Is 29 a factor of 1044?
True
Is 33 a factor of 792?
True
Is 3 a factor of 47?
False
Is 1104 a multiple of 48?
True
Is 87 a multiple of 7?
False
Is 125 a multiple of 9?
False
Is 6966 a multiple of 43?
True
Is 3456 a multiple of 36?
True
Is 6 a factor of 714?
True
Does 4 divide 47709?
False
Is 30360 a multiple of 276?
True
Is 77406 a multiple of 266?
True
Is 175 a multiple of 9?
False
Is 4 a factor of 84?
True
Does 21 divide 4389?
True
Is 20 a factor of 3484?
False
Does 381 divide 381?
True
Is 36 a factor of 2268?
True
Is 12 a factor of 132?
True
Is 2 a factor of 23?
False
Is 2613 a multiple of 3?
True
Is 2310 a multiple of 15?
True
Does 15 divide 3195?
True
Is 240 a multiple of 6?
True
Is 5894 a multiple of 7?
True
Is 86 a factor of 349?
False
Is 141 a factor of 38200?
False
Is 126 a multiple of 3?
True
Is 1268 a multiple of 3?
False
Does 17 divide 102?
True
Is 26 a factor of 6812?
True
Is 26 a factor of 3406?
True
Is 13 a factor of 95088?
False
Is 7 a factor of 336?
True
Is 14 a multiple of 8?
False
Does 26 divide 11349?
False
Does 27 divide 4770?
False
Is 10 a factor of 1290?
True
Does 26 divide 1560?
True
Does 98 divide 2936?
False
Does 34 divide 74495?
False
Is 2304 a multiple of 128?
True
Is 112 a multiple of 7?
True
Is 13 a factor of 856?
False
Does 35 divide 116?
False
Is 23 a factor of 3248?
False
Is 9 a factor of 333?
True
Is 114 a factor of 46170?
True
Is 84 a factor of 4416?
False
Does 48 divide 857?
False
Is 4 a factor of 777?
False
Does 83 divide 1909?
True
Is 2327 a multiple of 76?
False
Does 78 divide 7176?
True
Does 3 divide 117?
True
Is 18 a factor of 15994?
False
Is 29 a factor of 2465?
True
Is 45 a factor of 6480?
True
Does 13 divide 1443?
True
Is 9 a factor of 486?
True
Does 25 divide 2650?
True
Is 7218 a multiple of 9?
True
Does 16 divide 1538?
False
Is 31 a factor of 217?
True
Is 2 a factor of 2065?
False
Does 53 divide 61957?
True
Does 8 divide 4616?
True
Does 10 divide 2800?
True
Is 158 a factor of 3402?
False
Is 151 a multiple of 18?
False
Does 15 divide 2775?
True
Is 111183 a multiple of 17?
False
Is 17 a factor of 272?
True
Is 210 a multiple of 30?
True
Is 9 a factor of 18334?
False
Does 74 divide 27454?
True
Does 4 divide 20?
True
Does 21 divide 8469?
False
Does 13 divide 284?
False
Is 174 a factor of 696?
True
Does 9 divide 1260?
True
Is 57 a factor of 5486?
False
Is 50 a factor of 1050?
True
Is 11 a factor of 550?
True
Does 26 divide 1371?
False
Is 17384 a multiple of 8?
True
Does 4 divide 636?
True
Is 31 a factor of 186?
True
Is 3833 a multiple of 11?
False
Does 16 divide 29888?
True
Does 80 divide 1896?
False
Is 23 a factor of 4117?
True
Is 23 a factor of 2304?
False
Is 13517 a multiple of 27?
False
Is 13 a factor of 1045?
False
Is 37510 a multiple of 121?
True
Is 270 a multiple of 15?
True
Is 1599 a multiple of 41?
True
Is 66641 a multiple of 103?
True
Does 9 divide 306?
True
Is 43 a factor of 16813?
True
Is 16524 a multiple of 153?
True
Does 28 divide 26079?
False
Does 28 divide 1297?
False
Is 192 a factor of 24299?
False
Is 10 a factor of 1647?
False
Is 883 a multiple of 116?
False
Is 1694 a multiple of 5?
False
Is 83 a factor of 913?
True
Is 25 a factor of 2000?
True
Is 4505 a multiple of 53?
True
Is 682 a multiple of 65?
False
Is 116 a factor of 57884?
True
Does 73 divide 11680?
True
Is 13 a factor of 12675?
True
Is 113 a multiple of 3?
False
Is 10 a factor of 240?
True
Does 21 divide 21648?
False
Does 106 divide 32367?
False
Is 68 a multiple of 3?
False
Is 25017 a multiple of 16?
False
Is 500 a multiple of 25?
True
Is 44194 a multiple of 178?
False
Does 2 divide 1629?
False
Is 43210 a multiple of 29?
True
Is 1338 a multiple of 6?
True
Is 4588 a multiple of 148?
True
Is 15 a factor of 1275?
True
Is 5643 a multiple of 114?
False
Is 10 a factor of 1240?
True
Is 7 a factor of 168?
True
Does 32 divide 3072?
True
Does 11 divide 60303?
False
Is 12 a factor of 66679?
False
Is 13 a factor of 572?
True
Is 6985 a multiple of 127?
True
Is 43789 a multiple of 130?
False
Is 23 a factor of 967?
False
Does 8 divide 448?
True
Is 5 a factor of 1479?
False
Is 33916 a multiple of 278?
True
Is 35 a factor of 2100?
True
Does 7 divide 61?
False
Does 6 divide 5726?
False
Is 3463 a multiple of 77?
False
Is 35 a factor of 5545?
False
Is 105 a multiple of 3?
True
Is 7041 a multiple of 9?
False
Is 1987 even?
False
Is 23 a factor of 2501?
False
Is 140 a factor of 6052?
False
Is 25 a factor of 1325?
True
Is 1740 a multiple of 129?
False
Is 6539 a multiple of 13?
True
Is 72 a multiple of 12?
True
Does 31 divide 161?
False
Is 283 a multiple of 6?
False
Is 6298 a multiple of 47?
True
Is 5 a factor of 4215?
True
Is 6 a factor of 4217?
False
Does 79 divide 57565?
False
Is 42 a factor of 8446?
False
Is 15 a factor of 19313?
False
Does 12 divide 450?
False
Is 621 a multiple of 69?
True
Is 6 a factor of 8775?
False
Is 78 a factor of 7148?
False
Does 178 divide 12140?
False
Is 65 a factor of 12090?
True
Is 512 a multiple of 18?
False
Is 119432 a multiple of 36?
False
Does 26 divide 1565?
False
Is 12 a factor of 3444?
True
Does 94 divide 17108?
True
Does 4 divide 9065?
False
Does 37 divide 23828?
True
Is 34 a factor of 1598?
True
Is 7040 a multiple of 8?
True
Is 95 a factor of 12003?
False
Is 45 a factor of 21690?
True
Does 35 divide 6370?
True
Is 9030 a multiple of 2?
True
Does 9 divide 6300?
True
Is 13 a factor of 1818?
False
Is 37509 a multiple of 50?
False
Does 75 divide 25625?
False
Does 3 divide 594?
True
Is 1177 a multiple of 14?
False
Is 1